 1111?
1206
In base 8, what is 50 + 3421?
3471
In base 4, what is 221230311 + 1?
221230312
In base 8, what is 30 + -1131?
-1101
In base 12, what is -2 - -4472b?
44729
In base 16, what is -11b + -498?
-5b3
In base 16, what is -140ef2 - -1?
-140ef1
In base 3, what is 1 + 120202202?
120202210
In base 12, what is 0 - 41a7b?
-41a7b
In base 3, what is -120000 + 20011112?
12121112
In base 7, what is -26 + -21321?
-21350
In base 16, what is -51ad8 + -8?
-51ae0
In base 12, what is -b - 1008?
-1017
In base 10, what is -1 + -3290?
-3291
In base 6, what is 1131 + 50155?
51330
In base 15, what is 6 + -2962?
-295b
In base 16, what is 7f - 271?
-1f2
In base 11, what is 34133 + 1?
34134
In base 15, what is 244 + -36d?
-129
In base 11, what is a27 + 1916?
2842
In base 8, what is -5150212 - -1?
-5150211
In base 5, what is 100 - 43212?
-43112
In base 6, what is 22 + -35230?
-35204
In base 8, what is -535603 - -45?
-535536
In base 11, what is -20 + -14a0?
-1510
In base 13, what is 8 + 124cc?
12507
In base 14, what is 60 + 12b?
18b
In base 14, what is 443d + -12?
442b
In base 8, what is -21 + -1631?
-1652
In base 11, what is -1028 - -185?
-953
In base 6, what is 5 - 4325122?
-4325113
In base 16, what is -80 - f77?
-ff7
In base 3, what is -22220 - -11111010?
11011020
In base 2, what is 1 + -11011011100001?
-11011011100000
In base 2, what is 100 + 110100111100?
110101000000
In base 5, what is 20323240 - -10?
20323300
In base 7, what is 1604 - 22?
1552
In base 7, what is 160325 + 12?
160340
In base 3, what is 111101110 + -1200?
111022210
In base 4, what is 103 - 120223?
-120120
In base 13, what is -44509 + 5?
-44504
In base 14, what is -474 + -17?
-48b
In base 4, what is 1000231 - -10?
1000301
In base 5, what is 2320 + -3332?
-1012
In base 13, what is 9a15 + 0?
9a15
In base 7, what is 56353 + -521?
55532
In base 4, what is -311322 - 11213?
-323201
In base 5, what is -2042022 + -24?
-2042101
In base 6, what is 135025 - -20?
135045
In base 12, what is -3 + 8532?
852b
In base 2, what is 111010101101001 + -1?
111010101101000
In base 3, what is -10202222 + 10?
-10202212
In base 3, what is 100010 - 2101?
20202
In base 6, what is -20 + 235543?
235523
In base 7, what is -45 + -224535?
-224613
In base 7, what is 2140 + -4?
2133
In base 5, what is 24214 - 22?
24142
In base 7, what is 2015014 - -3?
2015020
In base 15, what is -908 + -2e?
-937
In base 15, what is d17 - 1b?
ceb
In base 11, what is -936a + -6?
-9375
In base 4, what is 33 + 11111?
11210
In base 7, what is 4 + -625022?
-625015
In base 2, what is -100000001 - 110100?
-100110101
In base 10, what is 312 - 6?
306
In base 4, what is -200 + -103012111?
-103012311
In base 5, what is 343021040 - 4?
343021031
In base 4, what is 220112 - -20012?
300130
In base 13, what is -385bb - b?
-385c9
In base 11, what is 454 + 642?
a96
In base 14, what is -2 - -28707?
28705
In base 8, what is 30361 + 5?
30366
In base 13, what is -37394 + -2?
-37396
In base 3, what is -12201201200 + 1?
-12201201122
In base 3, what is -2120212020120 + 11?
-2120212020102
In base 6, what is -10 - -4231440?
4231430
In base 9, what is -16 + -10301?
-10317
In base 13, what is -39 - -4a3?
467
In base 7, what is 332421 + 6?
332430
In base 8, what is -261662 + 2?
-261660
In base 13, what is 3 + 1c0ca?
1c100
In base 16, what is 2e - -2ec8?
2ef6
In base 10, what is -5 - 1319?
-1324
In base 14, what is ca152 - 2?
ca150
In base 11, what is -1225 + 144a?
225
In base 7, what is 2534 - -62?
2626
In base 3, what is 11011022102 - 1?
11011022101
In base 11, what is 15 - -85568?
85582
In base 8, what is -1564 + -3?
-1567
In base 6, what is 212 + -20043?
-15431
In base 16, what is 54 + 4d38?
4d8c
In base 3, what is 112 + 10001022?
10001211
In base 7, what is -4351 + 20?
-4331
In base 14, what is 1a0d + -41?
19ac
In base 14, what is 55 + -1c626?
-1c5b1
In base 16, what is -15ff + d?
-15f2
In base 14, what is -18 - -4a3?
489
In base 12, what is 310b + 211?
3320
In base 9, what is -1 - -2121275?
2121274
In base 10, what is -2557 - -115?
-2442
In base 15, what is -5959 + -1?
-595a
In base 13, what is -4 + -33071?
-33075
In base 9, what is 24 - -825?
850
In base 2, what is 101100110100101 + -101?
101100110100000
In base 11, what is 667 - 9?
659
In base 6, what is 4 - -4515235?
4515243
In base 15, what is -183c0a - 0?
-183c0a
In base 10, what is -2 - -376?
374
In base 6, what is -2241 - 21?
-2302
In base 13, what is 0 + -3b117?
-3b117
In base 16, what is -10 + -7580?
-7590
In base 16, what is ba7f - -3?
ba82
In base 12, what is -1697 - 6?
-16a1
In base 11, what is 36166 + 0?
36166
In base 9, what is 124115 - -5?
124121
In base 5, what is 310423 + -14?
310404
In base 5, what is 2 + -21034043?
-21034041
In base 2, what is -10000101 + 1010010110?
1000010001
In base 10, what is 16 + 125103?
125119
In base 4, what is 30 + 30120?
30210
In base 7, what is 4 + 424344?
424351
In base 11, what is 14aa6 + -230?
14876
In base 2, what is 110110011110000010001 + 101?
110110011110000010110
In base 5, what is 30003020 - 12?
30003003
In base 6, what is 30 + 21130?
21200
In base 14, what is 8 - -2600?
2608
In base 11, what is -16 + 1163?
1148
In base 7, what is 1 - -13034215?
13034216
In base 7, what is -2410 + 44?
-2333
In base 14, what is 47327 - -4?
4732b
In base 8, what is -1 - -1114115?
1114114
In base 10, what is 1308866 - 2?
1308864
In base 16, what is 5 - cde8?
-cde3
In base 13, what is -118279 + 2?
-118277
In base 5, what is -1424213 - -2?
-1424211
In base 4, what is 1 - -2002021330?
2002021331
In base 7, what is 5644645 - -5?
5644653
In base 14, what is -2b5dc0 - 2?
-2b5dc2
In base 10, what is -11324 - 8?
-11332
In base 11, what is 188 - -450?
628
In base 7, what is -15 - 16435?
-16453
In base 8, what is 2317 + -275?
2022
In base 14, what is 2a6 + -3?
2a3
In base 15, what is 4 - 10ada?
-10ad6
In base 16, what is -b7 + -233f?
-23f6
In base 13, what is -4 - c091?
-c095
In base 2, what is -1001011000100010001 - -10?
-1001011000100001111
In base 8, what is 4 - 30001?
-27775
In base 4, what is -1023 - -313131?
312102
In base 14, what is -50c + 23?
-4c9
In base 4, what is 3002001 + 1133?
3003200
In base 5, what is 23 + -11201?
-11123
In base 12, what is 4 - 4332?
-432a
In base 16, what is -9d + 117?
7a
In base 15, what is b502 + 16?
b518
In base 11, what is 188a + 4?
1893
In base 10, what is -40 + -917?
-957
In base 10, what is 184034 + 12?
184046
In base 9, what is 6282 - 13?
6268
In base 7, what is -1 + -52220?
-52221
In base 11, what is 1187 + -230?
a57
In base 10, what is -4 - 589689?
-589693
In base 15, what is -1 + -7936?
-7937
In base 10, what is -265 - -213?
-52
In base 16, what is -37e - -6c?
-312
In base 5, what is -2030 + 323?
-1202
In base 2, what is 1001101 - -1110111100?
10000001001
In base 2, what is -1 + 111100100101101?
111100100101100
In base 13, what is -2 + 1109?
1107
In base 4, what is 2020311 + -22?
2020223
In base 7, what is 1010143 - -3?
1010146
In base 15, what is 38e + 2037?
23c6
In base 12, what is 0 + -26323?
-26323
In base 10, what is -206786 + -5?
-206791
In base 10, what is -6 + -96128?
-96134
In base 6, what is 12051 - -44?
12135
In base 12, what is 3 - -3a449?
3a450
In base 15, what is -2 - -ab9a1?
ab99e
In base 16, what is 3 - d7d8?
-d7d5
In base 5, what is -320402 + 4?
-320343
In base 3, what is 2 - -11002002?
11002011
In base 11, what is 12 - a45?
-a33
In base 14, what is -8dd + -42?
-941
In base 12, what is 4 - 14944?
-14940
In base 16, what is 18 + f5e?
f76
In base 11, what is -82a6 - -5?
-82a1
In base 11, what is -753a - 96?
-7625
In base 12, what is -1b236 + 8?
-1b22a
In base 2, what is -10 - -101011011101110?
101011011101100
In base 12, what is 254143 - 2?
254141
In base 8, what is 60 - 4043?
-3763
In base 2, what is -100 - -11011001101010?
11011001100110
In base 15, what is -c5 - -373?
29d
In base 15, what is -1 - 19100?
-19101
In base 12, what is 128a + -3b?
124b
In base 8, what is 1 + -15341?
-15340
In base 15, what is 1a60 - -1b?
1a7b
In base 9, what is -1 - 105381?
-105382
In base 11, what is -425 - -947?
522
In base 13, what is -13c + 108?
-34
In base 11, what is 292a6 - -11?
29307
In base 8, what is -4 + -13664?
-13670
In base 9, what is 2811 + -16?
2784
In base 6, what is 335 + -4050?
-3311
In base 9, what is 2 - 143118?
-143116
In base 15, 